*2 - 6. Let w be d(5). What is the highest common divisor of w and 63?
9
Let m(q) = -q**3 - 10*q**2 - 4*q + 1. Let w be m(-10). Suppose -w = -2*n + 3. Suppose -2 = -6*c + 10. Calculate the greatest common factor of n and c.
2
Let b(a) = a**3 + 6*a**2 - a - 5. Let i be b(-6). Let l = 155 + -144. What is the greatest common divisor of l and i?
1
Let b(p) be the first derivative of p**4/4 + 13*p**3/3 - 8*p**2 - 7*p - 17. Let y be b(-14). What is the highest common divisor of 252 and y?
21
Let t(q) = 3*q**2 + 3*q - 4. Let b be t(-3). Let w = 121 - -33. Calculate the highest common factor of w and b.
14
Let q(l) = l**3 - 6*l**2 + 10*l - 9. Let c be q(6). Let g = c - 21. Calculate the highest common divisor of 5 and g.
5
Let f be (12 + -2)/(2/2). Suppose 360 = -47*w + 56*w. Calculate the highest common factor of w and f.
10
Suppose 2*d = -4*i + 380, 2*d - 25*i = -24*i + 405. Calculate the greatest common divisor of 80 and d.
40
Let u = -99 - -174. Calculate the highest common factor of 50 and u.
25
Let d be 88/(-12)*(-3)/(-2). Let r(u) = u + 16. Let i be r(d). Calculate the highest common factor of i and 45.
5
Suppose 14*l - 130 = 9*l. Suppose 2*t = 328 - 1400. Let f = -250 - t. What is the greatest common divisor of f and l?
26
Let c(m) = 2*m**3 + 10*m**2 - 12*m - 10. Let d be c(5). Calculate the greatest common factor of d and 10.
10
Let k(u) = u + 18. Let t be k(-16). Suppose 4 = -5*m + 34. What is the greatest common divisor of t and m?
2
Suppose 0*s + 429 = 3*s. Suppose 0 = -6*u + u, -b + 13 = -4*u. What is the greatest common factor of b and s?
13
Suppose -28*j = -2552 + 172. Calculate the greatest common factor of 5 and j.
5
Let z = 155 - 137. What is the highest common factor of z and 18?
18
Let t = -111 + 165. Calculate the greatest common divisor of t and 24.
6
Let g be (560/12)/((-9)/(-54)). What is the greatest common factor of 105 and g?
35
Let p(t) = 9*t**2 - t + 1 - t + 4*t. Let i be p(3). Let l be 2*3 + (-6)/(-3). What is the highest common divisor of l and i?
8
Let m be 36/(-126) - (2532/(-14))/3. Let j be 18/(30/8 - 3). Calculate the greatest common factor of j and m.
12
Suppose -630*s + 626*s = -976. Calculate the greatest common factor of s and 427.
61
Suppose 1473 - 6665 = -59*f. Calculate the highest common factor of f and 968.
88
Suppose 4*b - 58 = 2*u + u, 16 = 2*b + 5*u. Let c = -35 + b. Let v = 41 + c. Calculate the greatest common factor of v and 133.
19
Suppose 346*h - 338*h - 112 = 0. Calculate the highest common factor of 301 and h.
7
Suppose -5*k = -k - 24. What is the greatest common factor of 12 and k?
6
Let b be 3/(-2)*12/(-9). Let j = 5 - b. Suppose -3*n - 7 = -5*x, -2*x - j*n = n - 8. Calculate the highest common factor of x and 22.
2
Let l be (156/(-8))/(-1*(-3)/(-48)). Calculate the greatest common factor of 39 and l.
39
Let y = 13 + 26. Calculate the greatest common factor of 429 and y.
39
Let n be 171/15 + (-6)/15. Suppose 4*p - 143 - 385 = 0. Let o = -55 + p. Calculate the highest common factor of o and n.
11
Let l be 6/8 - (-35)/(-20). Suppose 7 - 19 = 3*w. Let o be (w - -3) + (-25)/l. Calculate the highest common factor of 16 and o.
8
Let s(r) = 9*r + 18*r - 28*r + 31*r**2. Let m be s(1). Calculate the highest common factor of 105 and m.
15
Suppose 68*u - 7088 = -2445 + 13853. Let o be (18 - (-2)/(-2))/1. Calculate the highest common factor of o and u.
17
Let i = 67 - 21. Calculate the highest common divisor of i and 736.
46
Suppose 3*n = 6*n - 6. Suppose -w - 8 = -h + n*w, -w = -5*h + 12. Suppose -y + h*s = -2, 20 - 5 = 5*s. What is the highest common divisor of y and 8?
8
Suppose 0*j + 2*j = -2*p + 10, -2*j + 14 = -2*p. What is the greatest common divisor of j and 402?
6
Suppose 18 = 5*r - 4*i, 0 = 2*r + 4*i - 24 - 0. Suppose x - 67 = -q, -4*q + 6*x - 9*x + 267 = 0. Calculate the greatest common divisor of q and r.
6
Let q be (-186)/(-9) + 2/(-3). Let b be ((-24)/10)/(((-20)/30)/((-400)/(-36))). What is the greatest common divisor of q and b?
20
Let c be 13/((-1430)/(-20)) - (-1316)/22. What is the greatest common factor of 12 and c?
12
Let w(y) = 6*y**3 + 4*y**2 + 13*y - 45. Let z be w(3). Calculate the greatest common divisor of z and 432.
48
Let t = 5004 + -4993. Let j(l) = 33*l. Let g be j(5). Calculate the greatest common divisor of g and t.
11
Suppose 3*n + t = 5, -4*t = 5*n - 0 + 1. Suppose -b - 3*i + 30 = 2*b, n*i = -2*b + 23. Calculate the greatest common divisor of 35 and b.
7
Let i = 133 + -64. Suppose -4*y = u - 89, -2*u + 26 + 83 = 5*y. What is the highest common divisor of i and y?
23
Let g = -296 - -306. Calculate the highest common divisor of 45 and g.
5
Suppose -5*b = 3*s - 37, -48 + 5 = -3*s + b. Suppose -215 = -10*c + 685. Let z = c - 62. Calculate the greatest common divisor of z and s.
14
Let g be 44/7 - 10/35. Let n(s) = -2*s**2 + 14*s. Let i be n(g). Suppose -w + 0*w + 12 = 0. What is the greatest common factor of w and i?
12
Let s(z) = 3 - 139*z + 129*z - 2. Let p be s(-3). Let l = p - -1. Calculate the greatest common factor of l and 160.
32
Let o be 2/((14/(-12))/(-7)). Let n(t) = 2*t**3 - 3*t**2 + 4*t + 12. Let d be n(4). Calculate the highest common divisor of d and o.
12
Suppose 0 = -4*z + 9 + 19. Let s = -679 + 700. What is the greatest common divisor of z and s?
7
Let i = 2066 - 2045. What is the greatest common factor of 6 and i?
3
Suppose 0 = a - 25*w + 28*w - 1127, 2*w = -2*a + 2266. What is the greatest common divisor of 16 and a?
16
Suppose -6*x + 737 + 733 = 0. Suppose -5*i + 5*j = -x, 4*j + 39 = i + j. Calculate the greatest common divisor of i and 18.
18
Let o(r) = -r + 8. Let d be o(6). Let y be (-4)/(d + (-3 - (2 + -2))). What is the highest common divisor of y and 28?
4
Let g be 3/2 - (1225/(-14) - 2). What is the greatest common factor of g and 26?
13
Suppose -3*d - 3*i + 3 = 0, 5*i = 3*d + 5 - 24. Calculate the highest common factor of d and 879.
3
Suppose -24 = -5*b - 9. Suppose b*y + 0*y = -48. Let h be y/(-24) + (-140)/(-6). Calculate the greatest common divisor of h and 12.
12
Let x(d) = 6*d**2 + 10*d - 8. Let f be x(6). Suppose f = 5*t - 877. Suppose 4*l - 172 = -2*y, l + 4*l - t = y. What is the highest common factor of 5 and l?
5
Let n = 716 - 317. Suppose -2*o = -m - 45 + 178, 0 = 3*m + 3*o - n. What is the greatest common factor of 19 and m?
19
Let i = -1469 - -1501. Calculate the greatest common factor of 760 and i.
8
Let y(u) = 3*u + 5. Suppose 2*p - p = 6. Let o be y(p). Suppose 11040 = 138*l - 90*l. What is the highest common divisor of o and l?
23
Let t be (-8350)/(-95) + (-2)/(-19). What is the greatest common divisor of t and 11?
11
Let f(n) = -6*n + 114. Let l be f(-11). Calculate the greatest common factor of l and 396.
36
Suppose -4*d = s - 39, d + 5*s - 7 = 2*s. Let q be 3*(-2)/9*(-45)/d. What is the greatest common factor of q and 12?
3
Suppose 0 = 2*b - 4*b + 70. Let i = -66 + 41. Let s = b + i. What is the highest common factor of 5 and s?
5
Let h be 5*8/(-24)*-18. Let v be (20/(-6))/(3/(-18)). What is the greatest common divisor of h and v?
10
Let j(q) = -q - 2. Let o(g) = -2. Let i(s) = -4*j(s) + 3*o(s). Let b be i(-2). Let h be 3 - (1 + b + 2). What is the greatest common divisor of h and 54?
6
Let c = 9 + -5. Suppose 321 = c*q + 3*d, -4 = 5*d + 1. Calculate the highest common divisor of q and 9.
9
Let m = -26 - -81. Let x be 40299/(-33) + 10/m. Let a be 1/4 - x/44. Calculate the greatest common factor of a and 70.
14
Let g(x) = -2*x - 10. Suppose -3*j = 40 - 16. Let z be g(j). Let c be -1 - (-2)/(44/12 + -3). What is the highest common divisor of z and c?
2
Let q(u) = 5*u**2 + 19*u - 9. Let p(n) = -11*n**2 - 37*n + 18. Let l(a) = -4*p(a) - 9*q(a). Let f be l(-23). What is the highest common divisor of f and 72?
9
Let r be (-134)/(-3) + 18/(-27). Calculate the greatest common factor of r and 22.
22
Let l = -775 - -947. What is the highest common factor of 129 and l?
43
Let a = 163 + -104. What is the greatest common divisor of a and 295?
59
Suppose 4*q - 46 - 5 = -3*s, 27 = s - 2*q. Suppose -9 = -5*a + s. What is the highest common factor of 30 and a?
6
Let m(a) = -a**3 + 8*a**2 + 21*a + 2. Let f be m(10). Let c be ((-6)/f)/((-1)/6). Suppose -c*o + 70 = 16. Calculate the highest common factor of 54 and o.
18
Let g(v) = v**2 - 25*v 